10
Suppose 5320 = 44*m - 34*m. Calculate the highest common factor of m and 308.
28
Suppose -2*t = -14*t - 3924. Let l = -162 - t. What is the highest common factor of l and 45?
15
Let n = -19486 + 22821. Calculate the highest common divisor of 435 and n.
145
Let n be 4/(-6) - (-13)/(-3). Let r(p) = -183*p + 46*p - 8 + 41*p + 49*p + 42*p. Let s be r(n). Calculate the greatest common factor of s and 34.
17
Let m = -2824 + 2847. What is the highest common divisor of 989 and m?
23
Let s be (-64)/(-480) + (-388)/(-15). Suppose -4 - 2 = -3*h. Suppose 0*x = -h*x + 4. What is the greatest common divisor of s and x?
2
Let l = 9 + 1. Let m be 84/l - (-20)/(-50). Let x(b) = -b**3 + 11*b**2 - 12*b + 28. Let k be x(10). What is the highest common factor of m and k?
8
Let o = 2714 + -2687. Let b = -144 + 981. What is the greatest common factor of o and b?
27
Suppose t + 4*l = 2*t - 40, -5*t + 2*l = -182. Let j be (5 + -929)/(-21) - (-2 + 1). Calculate the greatest common divisor of j and t.
9
Let u = 4709 + -3367. Calculate the greatest common factor of 488 and u.
122
Suppose -35*x - 795 = -3490. What is the highest common divisor of x and 2?
1
Suppose 3*v = -2*m + 438, v - 147 = -0*v - m. Suppose -6*z + 2324 = -74*z + 7220. Calculate the greatest common factor of z and v.
72
Let y be (-2)/(2/11)*(-63)/49*2597. What is the greatest common factor of y and 11?
11
Let a(l) = l**3 - 7*l**2 - 5*l + 20. Let x be a(8). Let c = x - -276. Suppose 3*h - c = -4*t, t + t = 4. Calculate the highest common divisor of h and 13.
13
Let c be (-1426)/(-1 - -2)*(855/18)/(-19). What is the highest common factor of c and 1705?
155
Let b = 51 - 41. Suppose -b = -3*y - p, -2 + 4 = -y + 5*p. Let n(j) = j**3 + j**2 - 9*j. Let u be n(y). What is the highest common factor of 9 and u?
9
Let m = -1 + 5. Suppose -3*v + 646 = 5*r - 428, 0 = m*v + 5*r - 1437. Calculate the greatest common divisor of v and 33.
33
Let u(z) = 6*z + 51. Let h be (3/(-2))/((-12)/(-40)). Let o be u(h). Suppose 107 = 5*q + 37. What is the greatest common divisor of o and q?
7
Suppose 5013 = 53*c + c - 2709. Let p = -23 - -36. Calculate the highest common factor of p and c.
13
Suppose 3*p + 5*t = -38 - 9, p - 4*t = 7. Let w be (20/30*p)/(6/(-40)). What is the greatest common divisor of w and 20?
20
Let l be (-50 - -66)/((-1)/(-74)). What is the greatest common factor of 288 and l?
32
Suppose -148*z + 152*z + 3*w = 871, 2*z = -2*w + 434. Calculate the greatest common factor of 3190 and z.
110
Let u be 3/6*(-12)/(-27) + 101584/36. What is the greatest common divisor of 170 and u?
34
Let p = 135 - -86. Let u = p - 205. What is the highest common divisor of 36 and u?
4
Let h = 5530 + -5436. Calculate the highest common factor of h and 22607.
47
Let w be 72/(-10)*(-6 + 1). Let d be (-234)/36*4/(-13). Let k(v) = 10*v**2 + 6*v - 4. Let y be k(d). Calculate the greatest common factor of w and y.
12
Suppose -3*q = -10 + 1. Suppose -q*y + 2*t = -2*y + 10, 0 = t - 5. Suppose 5*g - 26 - 49 = y. Calculate the highest common divisor of 165 and g.
15
Let u(n) = -4*n - 66. Let s be u(-17). Suppose -s*k = 6, -5*g + 3*k + 142 = -42. Let i be 1/(-1 + (-12)/(-10)). What is the greatest common factor of i and g?
5
Let y = 269 - 275. Let m be ((-45)/30)/(y/76). What is the greatest common divisor of 817 and m?
19
Suppose m - 4*m + 9 = 2*a, -a - 9 = -3*m. Suppose -20 = 4*s, 0 = -21*r + 18*r + m*s + 1392. Calculate the greatest common factor of r and 27.
27
Let z(i) = -i**3 - 2*i**2 + 63*i + 198. Let m be z(-8). What is the greatest common divisor of 1534 and m?
26
Let k(q) = -q**3 - q**2 + 33*q + 62. Let l be k(6). Calculate the highest common factor of 2320 and l.
8
Suppose -131*n = -32*n - 22*n - 42350. Let y(g) = -g**3 + g**2 + g. Let s be y(-2). Calculate the highest common divisor of s and n.
10
Let z(d) = -3*d**3 - 12*d**2 + 25*d + 68. Let m be z(-6). Let i be (1 + 1)/(6/(-309)). Let g = i + m. What is the highest common factor of 93 and g?
31
Let s = 46205 - 13555. Calculate the greatest common factor of s and 50.
50
Suppose 0 = -40*c + 137*c - 163348. What is the greatest common divisor of c and 8?
4
Suppose 3*k - 40 = 5*y, -2*y = -5 - 3. Suppose 0*i - 2*i = -k. Suppose -2*z = -41 - 19. Calculate the greatest common factor of i and z.
10
Let m = -6 - -6. Suppose -n - 5*j = 5, 2*j = -m*j - 4. Suppose n*g - 20 = 0, -3*g = 4*b - 6*g - 104. What is the highest common factor of 116 and b?
29
Let p be (-1022)/(-30) - 96/(-48) - 4/60. What is the greatest common factor of 3564 and p?
36
Let v be (5267 - 1) + (5 - 2). Suppose 15*m + v = 14449. Calculate the greatest common divisor of 17 and m.
17
Let j(b) = -101*b + 827. Let c be j(7). Calculate the highest common divisor of 168 and c.
24
Let b(m) = -2*m**2 + 3*m + 1. Let k(v) = -6*v**2 + 14*v + 52. Let q(x) = -2*b(x) - k(x). Let z be q(-3). What is the highest common factor of z and 224?
32
Let c(n) = -n**2 - 22*n - 60. Let o(k) = 5*k - 278. Let h be o(52). Let s be c(h). Calculate the greatest common divisor of 140 and s.
4
Let a be 3 - (-1083 + 5 + 1). Suppose -6*c = -30*c + a. What is the highest common divisor of 15 and c?
15
Let m(i) be the third derivative of -5*i**4/24 - i**3/2 + 3*i**2. Let b be m(-11). Let n be -3*2*b/(-12). What is the greatest common divisor of n and 26?
26
Let i(a) = a**3 - 6*a**2 - 24*a + 108. Let k be (-236)/(-28) - (78/(-14) + 5). Let s be i(k). Calculate the highest common factor of s and 90.
45
Let c be 5/44*11 + (3 - 6478/(-8)). What is the highest common factor of c and 143?
11
Let d(s) = s**2 + 4*s - 3. Let x be d(-4). Let j(z) = z**3 + 6*z**2 - z - 2. Let u be j(x). Let k = 210 - -42. Calculate the highest common divisor of u and k.
28
Suppose 28 - 14 = k. Let f = 8 + k. Suppose 24*m = f*m + 12. Calculate the highest common factor of 9 and m.
3
Suppose 2*j + 4*a = 214, -3*j = -13*a + 11*a - 353. Calculate the greatest common factor of j and 391.
23
Let f(h) = 3*h**3 - h**2 + 4*h + 1. Let s = -5 + 1. Let p be s*-1*(-6)/(-8). Let y be f(p). Calculate the greatest common divisor of 34 and y.
17
Let w(t) = t**3 - 121*t**2 - 374*t + 442. Let f be w(124). What is the greatest common factor of f and 7081?
97
Let t(x) = 2*x**2 + 32*x + 4. Let p be t(-15). Let n = -12 - p. What is the greatest common factor of 112 and n?
14
Let s = 5 + -2. Suppose -4*u - 3*m - 42 = 0, -4*m + 12 = -2*u - m. Let w be (s - u) + (6 - 4). Calculate the greatest common divisor of 35 and w.
7
Let h(w) = 2*w + 5. Let d be h(-1). Suppose 0 = -14*u + d*u + 165. Calculate the highest common factor of u and 375.
15
Let v = -19 - -37. Suppose -15 = t - v. Suppose -j + 87 = 4*d, t*j + 8 = d - 30. What is the highest common factor of d and 207?
23
Suppose -3021 = -22*x - 381. Suppose 16 = 37*t - 539. Calculate the greatest common divisor of t and x.
15
Let i(l) = 57*l + 904. Let z be i(-12). What is the highest common factor of 400 and z?
20
Let i(u) = u**3 - 33*u**2 - 31*u - 11. Let a be i(33). Let f = -569 - a. What is the greatest common factor of 15 and f?
15
Let s(z) = -6*z - 3. Let r be 1*6 - (6 + -5). Suppose -5*c - 3 = 4*p + 1, 4*p = r*c - 44. Let b be s(p). What is the greatest common divisor of b and 99?
33
Suppose -17*m + 4*z = -14*m - 816, -5*z - 537 = -2*m. Calculate the greatest common factor of 18 and m.
6
Let f be (-4)/(6 - 99/18) - -974. What is the highest common divisor of f and 18?
6
Suppose 0 = 3*s + 239 - 251. Let p be (-224)/35*10*(-1)/s. Calculate the greatest common factor of 32 and p.
16
Suppose 5*p - 12*p + 371 = 0. Calculate the greatest common divisor of p and 477.
53
Let w(g) = 17*g**3 - 4*g**2 + 33*g - 54. Let q be w(4). What is the highest common divisor of q and 304?
38
Suppose 2*c = -i + 37, -5*c + i + 82 = -0*i. Suppose -7*u - 8*u = -13275. Suppose -24*b + u = -1971. Calculate the highest common divisor of c and b.
17
Let a be (16/(-6))/2*-3. Suppose 24 = -5*s - a*x, -18 = 4*s - 3*x - 5. Let o(i) = i + 7. Let p be o(s). Calculate the highest common factor of p and 6.
3
Let f be 15/5 + (-776)/12*(-228)/8. Calculate the greatest common factor of 26 and f.
26
Let p(n) = -n**3 + 19*n**2 - 33*n - 82. Let f be p(16). Let v = f + -116. What is the greatest common factor of 714 and v?
42
Let k be 32*((-140)/(-16) + -8)/(6/28). Calculate the highest common